base 9) to base 8
255703
-739b66 (base 12) to base 6
-103011410
74881 (base 9) to base 8
140634
What is -30002022 (base 4) in base 12?
-24636
Convert -24461d (base 14) to base 13.
-346114
What is -22135 (base 11) in base 4?
-13311213
Convert 2449408 (base 10) to base 7.
26551063
-1663065 (base 10) to base 8
-6260131
-2664004 (base 7) to base 3
-122212202011
What is 2181724 (base 9) in base 7?
12664543
Convert -2561041 (base 8) to base 12.
-2a4915
-24aa4 (base 11) to base 4
-20301122
What is 200424 (base 5) in base 9?
8651
-1110022122121 (base 3) to base 9
-1408577
2031034104 (base 5) to base 3
21211021121020
What is 95b8a (base 12) in base 13?
6b854
-81626 (base 13) to base 9
-382778
What is 21120200010010 (base 3) in base 7?
46146003
Convert 2316162 (base 7) to base 6.
10115503
Convert -4024123 (base 5) to base 2.
-1111101100100000
-a469 (base 15) to base 8
-103675
Convert 235018 (base 9) to base 4.
202202003
29eb7 (base 15) to base 4
200330203
Convert c724 (base 14) to base 5.
2044312
2ecd2 (base 16) to base 15
3bbed
Convert -114184 (base 12) to base 13.
-98c56
Convert 31457486 (base 9) to base 4.
321303322212
-2245546 (base 8) to base 10
-609126
Convert 98371 (base 12) to base 16.
31105
What is 1120022021 (base 4) in base 12?
154b75
What is 165063 (base 10) in base 3?
22101102110
119336 (base 10) to base 6
2320252
Convert 688823 (base 12) to base 7.
20141061
What is -1544154 (base 9) in base 12?
-353434
-49090 (base 12) to base 6
-2040300
Convert 55a99 (base 12) to base 16.
1bcd5
Convert 3a75b (base 12) to base 4.
103222313
-890da (base 15) to base 6
-13200324
What is -11000000110111000001010 (base 2) in base 14?
-ba70dc
What is 11201102212201 (base 3) in base 6?
125432544
What is -152001 (base 10) in base 9?
-251450
What is c42aca (base 13) in base 15?
605cc5
-1a9247 (base 13) to base 11
-422771
What is -11100212200 (base 3) in base 11?
-59620
-108b369 (base 15) to base 14
-180071a
What is 4763590 (base 10) in base 13?
caa2c0
What is 114752 (base 11) in base 4?
230122200
-84420b (base 13) to base 5
-1242444400
Convert -10222202110220 (base 3) to base 9.
-3882426
What is -1331025 (base 6) in base 2?
-10010000101111001
Convert 111001011000000101010 (base 2) to base 16.
1cb02a
Convert -10011010010 (base 2) to base 12.
-86a
What is 7115cf (base 16) in base 11?
4202120
Convert -31733b (base 13) to base 2.
-100011010110011101000
What is 345221 (base 7) in base 11?
42520
1211230223 (base 4) to base 11
264a67
What is 1003111000 (base 4) in base 2?
1000011010101000000
What is -3666236 (base 7) in base 13?
-13613c
-21908 (base 12) to base 8
-126730
Convert -623323 (base 7) to base 10.
-106837
What is 320110330022 (base 4) in base 2?
111000010100111100001010
Convert -848a4 (base 15) to base 5.
-101423304
53100031 (base 7) to base 16
447943
Convert -4543222 (base 6) to base 3.
-102202110012
What is 22200024 (base 5) in base 16?
2f4e4
-5524 (base 8) to base 13
-1421
e72e (base 16) to base 14
177d4
-118aa1 (base 11) to base 12
-90725
2842705 (base 10) to base 11
1671848
38593 (base 11) to base 6
1103530
Convert 101010011100111100 (base 2) to base 16.
2a73c
2121211102000 (base 3) to base 6
45514213
4025115 (base 7) to base 12
1b0186
What is 101001111111000010111101 (base 2) in base 8?
51770275
37b969 (base 12) to base 6
31314213
-3133240 (base 6) to base 10
-152376
What is -158448 (base 10) in base 15?
-31e33
What is -1010101010111101 (base 2) in base 16?
-aabd
-44db5 (base 16) to base 11
-182998
What is 10101101011100101 (base 2) in base 15?
1b4a5
Convert -23525245 (base 6) to base 16.
-b545d
-481b27 (base 12) to base 3
-2012011110211
Convert -4850401 (base 9) to base 7.
-31236250
-11034453 (base 6) to base 4
-1100330001
What is -64890 (base 12) in base 3?
-20201212200
Convert -100011101010010001 (base 2) to base 16.
-23a91
-1020301120 (base 4) to base 10
-298072
Convert 110a05a (base 11) to base 14.
389271
Convert -368ba7 (base 14) to base 2.
-111001000000110111111
Convert 12011211202 (base 3) to base 9.
164752
Convert -10012220022 (base 3) to base 11.
-43661
-14a0b1 (base 12) to base 6
-11252341
Convert -23183 (base 10) to base 4.
-11222033
Convert -1396953 (base 10) to base 15.
-1c8da3
12a2c (base 16) to base 3
10212201010
What is -79086 (base 10) in base 6?
-1410050
-2bd0d (base 16) to base 2
-101011110100001101
Convert -71624 (base 9) to base 2.
-1011100000111100
What is -4140043412 (base 5) in base 3?
-121000210022222
-b60a7 (base 15) to base 5
-121433112
-3353401 (base 8) to base 15
-12db24
Convert -125355233 (base 7) to base 12.
-284aa8b
Convert -3031203333 (base 4) to base 11.
-52565a
-2c0b0d (base 14) to base 11
-961148
-19309 (base 14) to base 3
-10020101121
-5143513 (base 6) to base 8
-742445
What is -16bb0a (base 12) in base 8?
-1401172
10cbbe (base 15) to base 11
4a8a52
-19520b (base 13) to base 6
-21413244
What is -5364746 (base 8) in base 2?
-101011110100111100110
262216 (base 8) to base 10
91278
Convert 303134122 (base 5) to base 8.
4527137
What is -63c6 (base 15) in base 12?
-10273
-698245 (base 10) to base 16
-aa785
What is -1c76b5a (base 13) in base 2?
-100100001110101100011000
Convert -133251350 (base 6) to base 11.
-1571950
What is -215050115 (base 6) in base 14?
-72d899
Convert -656261 (base 12) to base 2.
-110001000011011101001
-1111111011010110110 (base 2) to base 12
-212046
Convert -141461141 (base 7) to base 16.
-8d46b5
Convert 5050f (base 16) to base 9.
551237
-3330112332 (base 4) to base 8
-3742676
Convert -556541 (base 9) to base 2.
-1010001010001000010
-202200121 (base 3) to base 2
-11101011101010
What is 1037346 (base 9) in base 12?
22a080
Convert 317763 (base 8) to base 2.
11001111111110011
Convert -186071 (base 10) to base 11.
-117886
Convert 322222003 (base 4) to base 10.
240259
What is -27304 (base 8) in base 5?
-340342
What is -11022200 (base 5) in base 6?
-2013112
Convert -5011133 (base 6) to base 14.
-6182d
What is -243101434 (base 5) in base 12?
-47204a
2675520 (base 9) to base 10
1467171
-354881b (base 12) to base 3
-201101022000112
Convert -211b80 (base 13) to base 9.
-1411462
63134 (base 11) to base 7
532133
What is -104076 (base 9) in base 5?
-3441114
Convert -1245061 (base 7) to base 5.
-20201000
Convert -4432136 (base 7) to base 13.
-16156a
Convert 66106232 (base 7) to base 11.
3220065
What is -b334 (base 13) in base 10?
-24717
Convert 1510577 (base 10) to base 9.
2752108
15163345 (base 7) to base 14
29845c
Convert -346ac (base 13) to base 3.
-11212011202
-17245702 (base 8) to base 6
-222033350
Convert -386264 (base 9) to base 15.
-49604
Convert -3136345 (base 7) to base 14.
-9c295
What is -21166364 (base 7) in base 14?
-34b46b
217822 (base 12) to base 14
dba8a
Convert -2c4560 (base 13) to base 16.
-10b575
What is -54440041 (base 6) in base 10?
-1622617
44320331 (base 6) to base 13
378616
30210322223 (base 4) to base 10
3296939
Convert a58784 (base 13) to base 4.
32301330222
What is 1847762 (base 9) in base 2?
11111100111000011011
What is -307221 (base 10) in base 15?
-61066
1895a4 (base 11) to base 10
290877
Convert 222213 (base 5) to base 7.
31523
Convert 72066 (base 11) to base 6.
2131045
100101101101000100 (base 2) to base 10
154436
-ca22 (base 13) to base 3
-1102112002
Convert 123023131132 (base 4) to base 12.
24771ba
What is 382208 (base 9) in base 6?
4542355
Convert -300032221 (base 4) to base 16.
-303a9
Convert -32a05 (base 13) to base 6.
-1544512
What is c118a (base 13) in base 2?
1010100010001111100
What is -217a11 (base 11) in base 9?
-578338
What is -1a57c4 (base 15) in base 13?
-35c722
Convert 100330 (base 7) to base 15.
506a
Convert 399fc1 (base 16) to base 4.
32121333001
Convert -110322002 (base 6) to base 12.
-7b9302
-120121001021 (base 3) to base 13
-a9930
What is -111233200220 (base 4) in base 3?
-101201120102012
Convert -b2c9 (base 13) to base 12.
-1233a
20202202221110 (base 3) to base 9
6682843
What is -25808 (base 9) in base 6?
-212355
What is 1466156 (base 9) in base 6?
25220553
b55887 (base 12) to base 10
2850727
Convert -76339 (base 11) to base 9.
-178077
-34012 (base 11) to base 6
-1020020
26605 (base 9) to base 7
103304
What is -3583d (base 15) in base 13?
-5c869
What is 1010011101010000000110 (base 2) in base 8?
12352006
What is -222222330 (base 4) in base 10?
-174780
-75889a 